{"id":2089,"date":"2022-03-26T12:29:33","date_gmt":"2022-03-26T12:29:33","guid":{"rendered":"https:\/\/www.icoanata.ro\/?page_id=2089"},"modified":"2022-03-26T12:33:52","modified_gmt":"2022-03-26T12:33:52","slug":"din-atelier","status":"publish","type":"page","link":"https:\/\/www.icoanata.ro\/?page_id=2089","title":{"rendered":"Din atelier"},"content":{"rendered":"<div class=\"wpb-content-wrapper\"><p>[vc_row][vc_column][vc_column_text]Pictarea unei icoane este la \u00eendem\u00e2na tuturor, dar nu oricine poate st\u0103p\u00e2ni \u015fi m\u0103iestria de a le zugr\u0103vi \u00een concordan\u0163\u0103 cu erminia Bisericii \u015fi cu frica lui Dumnezeu.<\/p>\n<p>De\u015fi poate p\u0103rea c\u0103 pictorul de icoan\u0103 ortodox\u0103 are nevoie de mult\u0103 \u00eendem\u00e2nare \u015fi preg\u0103tire \u00een art\u0103, totu\u015fi, paradoxal, lucrul esen\u0163ial care se cere este cur\u0103\u0163irea sufletului pentru a vedea, mai \u00eenainte, chipul lui Dumnezeu \u015fi al Sfin\u0163ilor.<\/p>\n<p>Iconograful, pe l\u00e2ng\u0103 talentul s\u0103u de pictor, \u00eensu\u0219irea tehnicilor de pictur\u0103 \u0219i a canoanelor, regulilor iconografice se cuvine s\u0103 fie un cre\u0219tin ortodox evlavios, cu o via\u021b\u0103 curat\u0103, de rug\u0103ciune \u0219i nevoin\u021be ascetice, \u00eentruc\u00e2t me\u0219te\u0219ugul lui este o form\u0103 de slujire \u00een Biseric\u0103 \u0219i de propov\u0103duire.<\/p>\n<p>Iconarul este \u201eomul dorin\u0163ei\u201d de a vedea fa\u0163a lui Dumnezeu, ceea ce \u00eenseamn\u0103 c\u0103 el poart\u0103 \u00een memoria inimii sale acea senza\u0163ie natural\u0103 a dorului de Cer.<\/p>\n<p>Pictorul, \u00een momentul \u00een care s\u0103v\u00e2r\u015fe\u015fte ceva, dac\u0103 o face \u00een dragoste de Hristos, s\u0103v\u00e2r\u015fe\u015fte o tain\u0103. El a fost n\u0103scut \u015fi pus la locul lui de crea\u0163ie, de medita\u0163ie, de c\u0103tre Dumnezeu.<\/p>\n<p>Dac\u0103 dore\u015fte s\u0103-\u015fi \u00eensu\u015feasc\u0103 arta bisericii, trebuie s\u0103 fie capabil s\u0103-\u015fi conformeze talentul \u015fi \u00eentreaga sa via\u0163\u0103 cu principiile canonice, liturgice ale ortodoxiei cu rugaciune, ascultare ca sa poata face fata ispitelor si incercarilor care apar pe parcursul picturii.[\/vc_column_text][\/vc_column][\/vc_row]<\/p>\n<\/div>","protected":false},"excerpt":{"rendered":"<p>[vc_row][vc_column][vc_column_text]Pictarea unei icoane este la \u00eendem\u00e2na tuturor, dar nu oricine poate st\u0103p\u00e2ni \u015fi m\u0103iestria de a le zugr\u0103vi \u00een concordan\u0163\u0103 cu erminia Bisericii \u015fi cu frica lui Dumnezeu. De\u015fi poate<\/p>\n","protected":false},"author":1,"featured_media":0,"parent":0,"menu_order":0,"comment_status":"closed","ping_status":"closed","template":"","meta":{"_monsterinsights_skip_tracking":false,"_monsterinsights_sitenote_active":false,"_monsterinsights_sitenote_note":"","_monsterinsights_sitenote_category":0,"footnotes":""},"class_list":["post-2089","page","type-page","status-publish","hentry"],"_links":{"self":[{"href":"https:\/\/www.icoanata.ro\/index.php?rest_route=\/wp\/v2\/pages\/2089","targetHints":{"allow":["GET"]}}],"collection":[{"href":"https:\/\/www.icoanata.ro\/index.php?rest_route=\/wp\/v2\/pages"}],"about":[{"href":"https:\/\/www.icoanata.ro\/index.php?rest_route=\/wp\/v2\/types\/page"}],"author":[{"embeddable":true,"href":"https:\/\/www.icoanata.ro\/index.php?rest_route=\/wp\/v2\/users\/1"}],"replies":[{"embeddable":true,"href":"https:\/\/www.icoanata.ro\/index.php?rest_route=%2Fwp%2Fv2%2Fcomments&post=2089"}],"version-history":[{"count":2,"href":"https:\/\/www.icoanata.ro\/index.php?rest_route=\/wp\/v2\/pages\/2089\/revisions"}],"predecessor-version":[{"id":2093,"href":"https:\/\/www.icoanata.ro\/index.php?rest_route=\/wp\/v2\/pages\/2089\/revisions\/2093"}],"wp:attachment":[{"href":"https:\/\/www.icoanata.ro\/index.php?rest_route=%2Fwp%2Fv2%2Fmedia&parent=2089"}],"curies":[{"name":"wp","href":"https:\/\/api.w.org\/{rel}","templated":true}]}}